= -k + 3*q, -3*q = -5*k + l + 359. Calculate the greatest common factor of k and x.
36
Let r = -64 - -59. Let y be ((-228)/(-15))/((-1)/r) - 1. Calculate the greatest common divisor of 30 and y.
15
Let p(l) = 2*l + 5. Let s be p(-2). Let c be 5 + (s - 4)/(-3). Suppose d - 2*d = -c. What is the highest common factor of 3 and d?
3
Let l be 1/(-6)*3*-24. Suppose -3*f + x + 36 = -f, f + 3*x = 18. Calculate the greatest common factor of l and f.
6
Suppose -78 + 6 = 4*s. Let c = 37 + s. Let h = -103 + 122. What is the greatest common factor of c and h?
19
Let c = 40 - 39. Let j be (c/3)/(22/858). Calculate the greatest common divisor of j and 117.
13
Let l(a) = a**2 - 6*a - 108. Let p be l(14). What is the highest common factor of p and 4?
4
Suppose 4*o = -5*w + 177, 0 = 20*w - 19*w - o - 30. Calculate the greatest common factor of 132 and w.
33
Let u = -47 - 64. Let y = 255 + u. Calculate the greatest common divisor of y and 16.
16
Suppose 20*z + 35 = 5*j + 22*z, -2*j + 20 = 2*z. Calculate the greatest common divisor of 5 and j.
5
Let t = -794 - -898. What is the greatest common divisor of t and 136?
8
Suppose 3505 + 2081 = 19*g. What is the highest common divisor of g and 30?
6
Let q be (-44)/(-1) - (-4 - -6). Suppose 17*n = 28*n - 66. What is the highest common divisor of q and n?
6
Let i be (1*-1)/(1/100*-4). Suppose i - 17 = 2*s. What is the highest common divisor of 4 and s?
4
Suppose 1068 = 23*t - 1669. What is the greatest common factor of 1 and t?
1
Suppose 70*u = x + 72*u - 20, 5*x - 65 = -3*u. Suppose -2 + 3 = -2*k - 3*p, 14 = 5*k + 2*p. Calculate the highest common factor of x and k.
2
Let s be (24/18)/((-12)/(-99)). Suppose -5*i - 1 = -4*i + 2*c, 5*c = -3*i. Suppose i*m = 21 + 584. What is the highest common divisor of m and s?
11
Suppose -20 = -u - 4*u. Suppose -u*r + 10 = -26. Calculate the highest common divisor of r and 63.
9
Let t be 285/(-5)*60/(-9). Suppose 11*c - t = -8*c. Calculate the highest common divisor of 220 and c.
20
Let m = -357 + 363. Calculate the highest common divisor of m and 210.
6
Let r = 1820 + -1556. Calculate the highest common divisor of 440 and r.
88
Let n be (1 - (-1 + 1)) + 2. Let w be ((-15)/(-3) + 1)*54/81. Suppose n*x = -w*x + 35. Calculate the greatest common factor of x and 5.
5
Let i = -4 - 60. Let g be ((-4)/(-2))/((-16)/i). Calculate the greatest common divisor of 2 and g.
2
Let r be (3/2)/((-2)/(-80)). Let a(g) = 2*g**2 - 6*g**2 - 4*g**2 - 6*g - 12*g - 3 - g**3. Let m be a(-5). What is the greatest common factor of r and m?
12
Let f = 3 + 1. Suppose -2*d = 2*a + 52, 0 = 10*d - 15*d - 4*a - 128. Let r = f - d. What is the greatest common factor of r and 42?
14
Let c be (-1 - 7/(-5)) + (-2352)/(-420). Calculate the highest common divisor of 66 and c.
6
Suppose -4*z + 61 = -h + 18, 5*z - 3*h = 52. Let o = 16 + -19. Let t(d) = -40*d + 1. Let b be t(o). Calculate the highest common divisor of z and b.
11
Let f(x) be the second derivative of -2*x**3/3 + 10*x**2 + 2*x. Let u be f(-9). Calculate the highest common factor of u and 14.
14
Let z be 4/6*(-30)/20. Let n be z*2/(-4)*(41 + -21). Calculate the highest common divisor of 30 and n.
10
Let c = -46 + 106. Let v = 15704 + -15664. Calculate the highest common divisor of c and v.
20
Suppose 0 = 5*y - 5*m - 110, -61 = -3*y - 59*m + 63*m. What is the greatest common factor of y and 117?
9
Suppose 3*f = -1 + 142. Calculate the highest common factor of f and 188.
47
Let u be (64/80)/(2/5). Let r(j) = 120*j - 6. Let m be r(u). Calculate the highest common divisor of m and 26.
26
Let n = 342 - 210. Let d(q) = 12*q + 19. Let y be d(3). Let b be 116/10 - (-22)/y. Calculate the greatest common factor of n and b.
12
Suppose 35*s = -9*s + 1056. Let d(z) = -z**2 - 10*z + 2. Let y be d(-8). What is the greatest common divisor of y and s?
6
Let d = 231 - 151. Calculate the greatest common factor of 40 and d.
40
Suppose -3*c - c = 32. Let r be 1 + -1 + (-6 - c). Suppose 0 = r*n, x + 3*x - 4*n = 48. Calculate the greatest common factor of 4 and x.
4
Suppose 278 = 20*l - 42. Calculate the greatest common factor of l and 208.
16
Suppose -11158 = -41*v + 4627. Calculate the highest common divisor of v and 308.
77
Let q = 1771 - 1736. Let l(j) = j**3 - 5*j**2 - 4*j - 7. Let b be l(6). What is the greatest common divisor of b and q?
5
Let d = -6 + 6. Suppose d = 9*b - 5*b. Let k = 5 + b. Calculate the highest common factor of k and 25.
5
Suppose -8*g + 630 = 4*u - 13*g, 0 = -3*u + 2*g + 469. What is the highest common factor of 186 and u?
31
Let w be -11 - (-6)/6 - -4. Let i = 33 + -17. Let f = i + w. What is the greatest common factor of f and 20?
10
Suppose -61788 = -23*g - 14707. Calculate the greatest common divisor of g and 46.
23
Suppose 4*r + 2*k - 3 = -r, 0 = -3*r - 3*k. Let y(h) = 19*h**2 + 1. Let q be y(r). What is the highest common divisor of 100 and q?
20
Let b = 222 - 215. Calculate the greatest common factor of b and 5.
1
Let l = 3 - -29. Let v = -1214 - -1218. Calculate the highest common divisor of v and l.
4
Suppose 4*q + h - 4*h = 4, 3*q - h - 8 = 0. Suppose -4*a - 26 = -3*f, 4*f + q*a + 7 = 23. Calculate the highest common divisor of f and 12.
6
Let j = -180 + 207. What is the highest common factor of 99 and j?
9
Let d(w) = w**2 - 13*w - 14. Let v(a) = 6*a**2 - 66*a - 71. Let o(n) = -11*d(n) + 2*v(n). Let x be o(-10). What is the highest common divisor of x and 22?
2
Suppose 0 = -5*p + 3*i - 3, -2*p + 5*i - 5 = -0*p. Suppose 3*n + p*n = 18. Suppose 5*x + 5 = 10. What is the highest common factor of x and n?
1
Let v = -53 + 62. Suppose t = 4*t - 387. Let j = -66 + t. Calculate the greatest common divisor of j and v.
9
Suppose 31*f + 334 = 3*z + 29*f, 4*f = 2*z - 220. Suppose -5*t + 45 + 95 = 0. Calculate the greatest common divisor of z and t.
28
Let c = -15 + 19. Suppose s = c*q + 32 + 36, 2*s - 5*q = 124. What is the highest common factor of 13 and s?
13
Suppose -45*y + 55*y = 2280. What is the greatest common factor of y and 72?
12
Let r = -13 - -22. Let a = 9 + r. What is the greatest common factor of 198 and a?
18
Suppose h - 22 = -2*w, 5*w - 88 + 20 = 4*h. Suppose 1497 - 1119 = 21*t. Calculate the greatest common factor of w and t.
6
Let t = 1195 + -1178. What is the highest common factor of 17 and t?
17
Suppose 77 = -4*q + 233. Calculate the greatest common divisor of q and 416.
13
Suppose 16*h = 17*h - 2. Suppose -l + 22 = -h. Calculate the highest common factor of l and 12.
12
Suppose 0 = 11*x - 1285 + 9. What is the highest common divisor of 1044 and x?
116
Let i(p) = 264*p**3 - 2*p**2 + 3*p - 1. Let h be (4/(-6))/((-12)/54). Suppose 5 = 2*a + h. Let b be i(a). What is the greatest common divisor of b and 24?
24
Let h = 33 + -31. Let y = 20 - h. Let t = 15 - 9. What is the greatest common factor of y and t?
6
Suppose 495 = 151*l - 136*l. Calculate the greatest common factor of l and 44.
11
Let v = 498 + -327. Suppose -15 = g - 6. Let x be (g/(-18))/(1/38). Calculate the greatest common factor of v and x.
19
Suppose -45 = -3*w - 5*a - 10, 20 = 2*w + 5*a. Suppose -f - 4 = -w. Calculate the highest common divisor of 11 and f.
11
Suppose -2*x - 14 = -3*u, 12 = 4*u - 5*x + x. Let z(d) = 5*d + 105. Let t be z(-13). What is the highest common divisor of t and u?
8
Let y be (-30)/(-24)*184/(-2). Let n = y - -424. Suppose -k = 3*k - d - n, 388 = 5*k - 3*d. Calculate the greatest common divisor of k and 11.
11
Let t = 124 + 501. What is the highest common divisor of t and 50?
25
Let y(r) = r**3 - 2*r**2 - r - 3. Let u be y(3). Suppose u = 3*d - 27. What is the greatest common factor of d and 10?
10
Let i(c) = c**3 - 13*c**2 - 7*c - 35. Let w be i(14). Calculate the greatest common divisor of 9 and w.
9
Let i be 8/(-2)*(-325)/52. Let t = -13 + i. Calculate the greatest common factor of 3 and t.
3
Let c = 2 + -1. Let i be 26 + (-2 - c) + -1. Let z(x) = -x**2 + 20*x + 11. Let r be z(9). What is the highest common factor of i and r?
22
Let b be 54/16 - (-78)/(-208). Calculate the highest common factor of b and 28.
1
Let l be (4/(-2)*-3)/2. Suppose -5*g + l*s = -52, g - 3*s + 0*s - 20 = 0. What is the greatest common factor of g and 6?
2
Suppose 5*k = -5*v + 62 + 143, 2*v = -k + 77. Calculate the highest common divisor of v and 81.
9
Suppose k - 2*z + 0*z